{"id":735,"date":"2021-06-12T11:21:38","date_gmt":"2021-06-12T11:21:38","guid":{"rendered":"http:\/\/www.jerome-thomas.fr\/actualite\/?page_id=735"},"modified":"2023-08-29T15:19:45","modified_gmt":"2023-08-29T14:19:45","slug":"calendrier","status":"publish","type":"page","link":"http:\/\/www.jerome-thomas.fr\/actualite\/calendrier\/","title":{"rendered":"Calendrier de la Compagnie"},"content":{"rendered":"\n<h1 class=\"wp-block-heading\"><strong>Assis &#8211; Cr\u00e9ation 2023<\/strong><\/h1>\n\n\n\n<p><em>Pass\u00e9es&#8230;<br><\/em><strong>12 novembre 2022<\/strong> I 21h &#8211; Caf\u00e9 M\u00fcller de Turin et \u00e0 partir de 20h45 sur NICEPlatform<br><strong>22, 23 et 24<\/strong> <strong>Juin 2023<\/strong> \u00e0 20h30 I Au Cirque Lili, en partenariat avec CirQ&rsquo;Onflex<br><strong>Du 11 au 16<\/strong> <strong>Juillet 2023<\/strong> \u00e0 21h30 I Festival d&rsquo;Avignon, dans le jardin du Mus\u00e9e Vouland<br><strong>18 ao\u00fbt 2023<\/strong> \u00e0 22h I Festival Uzeste Musical, Chapiteau Marie Lubat<\/p>\n\n\n\n<p><em>A venir&#8230;<br><\/em><strong>13 et 14 f\u00e9vrier 2024<\/strong> \u00e0 20h I Le Prato, P\u00f4le National de Cirque \u00e0 Lille<br><strong>6 mai 2024<\/strong> \u00e0 20h + <strong>7 mai 2024<\/strong> \u00e0 14h15 I GRRRANIT Sc\u00e8ne Nationale de Belfort<\/p>\n\n\n\n<h1 class=\"wp-block-heading\"><strong>Chair et Os &#8211; Cr\u00e9ation 2022<\/strong><\/h1>\n\n\n\n<p><em>Pass\u00e9es&#8230;<br><\/em><strong>5, 6 et 7 mai 2022 <\/strong>I 20h &#8211; Sous le chapiteau du Cirque Lili, \u00e0 Dijon<br><strong>12 mai 2022<\/strong> I 20h30 &#8211; Le Th\u00e9\u00e2tre de Dole<br><strong>19 et 20 mai 2022<\/strong> I 20h &#8211; L&rsquo;Espace des Arts \u00e0 Chalon-sur-Sa\u00f4ne<br><strong>1er juillet 2022<\/strong> I 21h30 &#8211; La Maison \u00e0 Nevers<br><strong>4 et 5 juillet 2022<\/strong> I Festival Sul Filo Del Cirko \/ Cirko Vertigo \u00e0 Grugliasco &#8211; Turin<br><strong>10 mars 2023<\/strong> I GRRRANIT \/ Sc\u00e8ne Nationale Belfort + carte blanche avec Louis Sclavis et Joao Pereira<br><strong>19 et 20 mai 2023<\/strong> I Teatro Area Nord \/ Naples &#8211; Italie<\/p>\n\n\n\n<h1 class=\"wp-block-heading\"><strong>Au Cirque Lili<\/strong><\/h1>\n\n\n\n<p><em>A venir&#8230;<br><\/em><strong>15 septembre 2023<\/strong> \u00e0 15h I Spectacle \u00e9questre \u00ab\u00a0D\u00e9m\u00ealer l&rsquo;\u00e9cheveau\u00a0\u00bb par la Compagnie Equinoctis<br><strong>16 et 17 septembre 2023<\/strong> de 10h \u00e0 12h et 14h \u00e0 17h I Journ\u00e9es Europ\u00e9ennes du Patrimoine<br><strong>23 septembre 2023<\/strong> \u00e0 17h I Antoine Viard &amp; Camila Nebbia Invitent Lise Pauton, en collaboration avec Zutique Productions dans le cadre du Tribu Festival<br> <\/p>\n","protected":false},"excerpt":{"rendered":"<p>Assis &#8211; Cr\u00e9ation 2023 Pass\u00e9es&#8230;12 novembre 2022 I 21h &#8211; Caf\u00e9 M\u00fcller de Turin et \u00e0 partir de 20h45 sur NICEPlatform22, 23 et 24 Juin 2023 \u00e0 20h30 I Au Cirque Lili, en partenariat avec CirQ&rsquo;OnflexDu 11 au 16 Juillet 2023 \u00e0 21h30 I Festival d&rsquo;Avignon, dans le jardin du Mus\u00e9e Vouland18 ao\u00fbt 2023 \u00e0 &hellip; <\/p>\n<p class=\"link-more\"><a href=\"http:\/\/www.jerome-thomas.fr\/actualite\/calendrier\/\" class=\"more-link\">Continuer la lecture<span class=\"screen-reader-text\"> de &laquo;&nbsp;Calendrier de la Compagnie&nbsp;&raquo;<\/span><\/a><\/p>\n","protected":false},"author":2,"featured_media":0,"parent":0,"menu_order":0,"comment_status":"closed","ping_status":"closed","template":"","meta":{"footnotes":""},"class_list":["post-735","page","type-page","status-publish","hentry"],"_links":{"self":[{"href":"http:\/\/www.jerome-thomas.fr\/actualite\/wp-json\/wp\/v2\/pages\/735","targetHints":{"allow":["GET"]}}],"collection":[{"href":"http:\/\/www.jerome-thomas.fr\/actualite\/wp-json\/wp\/v2\/pages"}],"about":[{"href":"http:\/\/www.jerome-thomas.fr\/actualite\/wp-json\/wp\/v2\/types\/page"}],"author":[{"embeddable":true,"href":"http:\/\/www.jerome-thomas.fr\/actualite\/wp-json\/wp\/v2\/users\/2"}],"replies":[{"embeddable":true,"href":"http:\/\/www.jerome-thomas.fr\/actualite\/wp-json\/wp\/v2\/comments?post=735"}],"version-history":[{"count":42,"href":"http:\/\/www.jerome-thomas.fr\/actualite\/wp-json\/wp\/v2\/pages\/735\/revisions"}],"predecessor-version":[{"id":1387,"href":"http:\/\/www.jerome-thomas.fr\/actualite\/wp-json\/wp\/v2\/pages\/735\/revisions\/1387"}],"wp:attachment":[{"href":"http:\/\/www.jerome-thomas.fr\/actualite\/wp-json\/wp\/v2\/media?parent=735"}],"curies":[{"name":"wp","href":"https:\/\/api.w.org\/{rel}","templated":true}]}}

<h1 class="wp-block-heading"><strong>Assis &#8211; Création 2023</strong></h1>



<p><em>Passées&#8230;<br></em><strong>12 novembre 2022</strong> I 21h &#8211; Café Müller de Turin et à partir de 20h45 sur NICEPlatform<br><strong>22, 23 et 24</strong> <strong>Juin 2023</strong> à 20h30 I Au Cirque Lili, en partenariat avec CirQ&rsquo;Onflex<br><strong>Du 11 au 16</strong> <strong>Juillet 2023</strong> à 21h30 I Festival d&rsquo;Avignon, dans le jardin du Musée Vouland<br><strong>18 août 2023</strong> à 22h I Festival Uzeste Musical, Chapiteau Marie Lubat</p>



<p><em>A venir&#8230;<br></em><strong>13 et 14 février 2024</strong> à 20h I Le Prato, Pôle National de Cirque à Lille<br><strong>6 mai 2024</strong> à 20h + <strong>7 mai 2024</strong> à 14h15 I GRRRANIT Scène Nationale de Belfort</p>



<h1 class="wp-block-heading"><strong>Chair et Os &#8211; Création 2022</strong></h1>



<p><em>Passées&#8230;<br></em><strong>5, 6 et 7 mai 2022 </strong>I 20h &#8211; Sous le chapiteau du Cirque Lili, à Dijon<br><strong>12 mai 2022</strong> I 20h30 &#8211; Le Théâtre de Dole<br><strong>19 et 20 mai 2022</strong> I 20h &#8211; L&rsquo;Espace des Arts à Chalon-sur-Saône<br><strong>1er juillet 2022</strong> I 21h30 &#8211; La Maison à Nevers<br><strong>4 et 5 juillet 2022</strong> I Festival Sul Filo Del Cirko / Cirko Vertigo à Grugliasco &#8211; Turin<br><strong>10 mars 2023</strong> I GRRRANIT / Scène Nationale Belfort + carte blanche avec Louis Sclavis et Joao Pereira<br><strong>19 et 20 mai 2023</strong> I Teatro Area Nord / Naples &#8211; Italie</p>



<h1 class="wp-block-heading"><strong>Au Cirque Lili</strong></h1>



<p><em>A venir&#8230;<br></em><strong>15 septembre 2023</strong> à 15h I Spectacle équestre « Démêler l&rsquo;écheveau » par la Compagnie Equinoctis<br><strong>16 et 17 septembre 2023</strong> de 10h à 12h et 14h à 17h I Journées Européennes du Patrimoine<br><strong>23 septembre 2023</strong> à 17h I Antoine Viard &amp; Camila Nebbia Invitent Lise Pauton, en collaboration avec Zutique Productions dans le cadre du Tribu Festival<br> </p>

<p>Assis &#8211; Création 2023 Passées&#8230;12 novembre 2022 I 21h &#8211; Café Müller de Turin et à partir de 20h45 sur NICEPlatform22, 23 et 24 Juin 2023 à 20h30 I Au Cirque Lili, en partenariat avec CirQ&rsquo;OnflexDu 11 au 16 Juillet 2023 à 21h30 I Festival d&rsquo;Avignon, dans le jardin du Musée Vouland18 août 2023 à &hellip; </p>
<p class="link-more"><a href="http://www.jerome-thomas.fr/actualite/calendrier/" class="more-link">Continuer la lecture<span class="screen-reader-text"> de &laquo;&nbsp;Calendrier de la Compagnie&nbsp;&raquo;</span></a></p>
